 + 11. Determine t(h).
44
Let g(q) = -q**3 - 6*q**2 + q + 5. Let i = -21 - -11. Let c(a) = 3*a + 24. Let d be c(i). What is g(d)?
-1
Suppose 0 = 4*i + 2*u - 3 - 7, -i - 5*u = 2. Suppose -i*o = -13 + 4. Let s(g) = 2*g - g**3 + 0*g - o*g**2 - 2*g**3 + 2*g**3 + 3. Determine s(-4).
11
Let c(m) = -2*m**3 - 5*m**2 - 10*m - 14. Let y(u) = -3*u**3 - 8*u**2 - 15*u - 21. Let p(g) = 7*c(g) - 5*y(g). Calculate p(-5).
-18
Let z(p) = p**2 + 6*p + 8. Let j be z(-6). Let c(k) = -61*k + 1 + 70*k + j + k**2. Suppose -3*q + 31 = -8*t + 3*t, -3*t = q + 27. What is c(t)?
1
Let w(p) = p**3 + 6*p**2 + 7*p + 2. Let f = -367 + 362. Determine w(f).
-8
Let d(q) be the second derivative of -q**5/60 - q**4/24 - 11*q**3/6 + q. Let o(p) be the second derivative of d(p). Give o(1).
-3
Let t(u) = u**3 - 3*u**2 + 3*u - 2. Let v be t(2). Suppose p - 8 = -2*x, 0 = -v*p + 4*p. Let n(o) = o + 1. Calculate n(x).
5
Let y(c) = -16*c + 5. Let l(x) = 7*x - 2. Let o(r) = 9*l(r) + 4*y(r). Give o(0).
2
Let c(m) = -2*m**3 + 68*m**2 - 67*m + 21. Let k be c(33). Let i(w) = 3*w + 17. Give i(k).
-19
Let v(j) = 2*j**2 + 12*j - 3. Suppose 194*p - 201*p = 42. Give v(p).
-3
Suppose -5*p = -15, -3*o - 3*p + 19 + 5 = 0. Let x(u) = -u**3 + 4*u**2. Calculate x(o).
-25
Let r(s) = -s**3 + 3*s**2 - 2*s - 4. Suppose 5*p + 7 = -c, -5*p + 5 = -3*c + 24. Calculate r(c).
-10
Let i = -3 + -4. Let y(b) = 4*b**2 + 14*b + 10. Let l(v) = 3*v**2 + 9*v + 7. Let d(c) = i*l(c) + 5*y(c). Give d(6).
7
Let o(a) be the third derivative of -a**4/24 - 5*a**3/3 + 10*a**2. Suppose 5*c = -4*y + 3, -c - 12 = 5*y - 0*y. Let r be (-6)/c + (-3)/1. Give o(r).
-5
Let i(t) = -5*t - 3. Let o be (-3)/(-2) + 2/4. Let b = -131 - -131. Suppose b = -o*y - 6. Determine i(y).
12
Let h(g) be the first derivative of 2*g - 14 + 1/2*g**2. Calculate h(6).
8
Let m(o) = -3*o**2 - 31*o + 20. Let s(f) = -4*f**2 - 46*f + 31. Let v(p) = -7*m(p) + 5*s(p). Give v(8).
-25
Let o(c) = -c + 8. Let l(i) = -18*i - 1. Let t be l(-7). Suppose -2*r + t = -7*r. Let d = r - -32. What is o(d)?
1
Suppose h - 47 = -2*l + 4*h, -h = 2*l - 27. Let v = l - 13. Suppose n - 5*s - 1 = 0, 3*n - 3*s - v = -2*s. Let o(y) = 3*y**2. Calculate o(n).
3
Let o(w) = w**2 + 5*w + 4. Let q(z) be the third derivative of -z**5/12 - z**3/6 - 6*z**2. Suppose -8*a = -3*a - 5. Let b be q(a). What is o(b)?
10
Let a = 8 + -6. Suppose 0 = a*h - 4, s - 3*h + 10 = -s. Let j(q) be the second derivative of -q**5/10 - q**4/4 - q**3/6 - q**2 + 76*q. What is j(s)?
4
Let y(a) be the second derivative of 0 - 6*a + 1/2*a**3 + 1/12*a**4 - 2*a**2. Let d be y(-3). Let r(g) = 3*g + 6. Determine r(d).
-6
Let n(s) = -s + 7. Let c be n(-7). Let b = c + -16. Let l(y) = -y - 12*y**2 + 3 + 14*y**2 - 1. What is l(b)?
12
Let f(m) = 3104 + 3103 + m - 6220. What is f(0)?
-13
Let j(d) = -d**3 - 2*d - 1. Let k(t) = t**3 - 6*t**2 - t + 7. Let p(z) = -z**3 + 6*z**2 + z - 7. Let u(g) = -6*k(g) - 5*p(g). Let l be u(6). Give j(l).
2
Suppose -5*y = -4*y - 9. Let s be y/18 - (0 - 30/4). Let d(w) = -w**3 + 7*w**2 + 6*w + 4. Give d(s).
-12
Let k(d) = -1 + 1 - 2 + 3*d**2 - d - 2*d**2. Let h be k(2). Let z(j) = -j - 1. Determine z(h).
-1
Let a(v) = -v**3 + 10*v**2 - 2*v - 5. Let o(u) = u**2 - u. Let s(g) = -a(g) + 6*o(g). Determine s(4).
-11
Let u = 0 - -2. Suppose -20 = 5*q, u*w - q + 2 = 24. Let b(i) = -i**3 + 9*i**2 + 2*i - 13. Give b(w).
5
Let r(s) = 26*s + 35. Let o(t) = 5*t + 7. Let n(l) = 11*o(l) - 2*r(l). Let h be ((-5 + 17)/1)/(-2). What is n(h)?
-11
Let t(w) be the first derivative of -5*w + 1/4*w**4 + 11 + w**2 - 4/3*w**3. Suppose -3*l + 11 + 1 = 0. What is t(l)?
3
Let o(n) = -n + 5. Let v = 41 + -29. Suppose 0 = v*x - 10*x. Calculate o(x).
5
Suppose 5*h + 152 - 12 = 0. Let d = h - -28. Let l(j) be the third derivative of j**5/60 + j**3/6 - j**2. What is l(d)?
1
Suppose 0 = -2*k - 3*d + 1, -4*k - 5*d - 1 = -2*k. Let l(b) = -k + 1 - 4 + 1 + b. Give l(-4).
-8
Let d(m) = 4*m**2 - m - 1. Let x be ((-124)/(-155))/((-4)/10). What is d(x)?
17
Let v = 235 - 237. Let c(m) = -m - 2 + 4*m**3 + 3*m**2 - 5*m**2 - 3*m**3. Give c(v).
-16
Suppose -8*s + 4*s - 60 = 0. Suppose 0 = 2*n - 5*u - 11, n - 3*n - u = -5. Let x be n/(s/(-12) - 2). Let y(w) = -w**3 - 3*w**2 + 4*w. Determine y(x).
0
Let f(p) = -p**3 + 7*p**2 - p - 1. Suppose -171*u + 153*u + 108 = 0. Determine f(u).
29
Let t be 180/42 - 8/28. Suppose t*q = -x - x, -x = 5*q. Let r(d) = -2*d**2 - 3*d - 1. Let u(n) = -3*n**2 - 5*n - 1. Let m(j) = -5*r(j) + 3*u(j). What is m(q)?
2
Let d(x) = -2*x. Let q be 1/(-2)*(-5 + -27). Let w be q/40 - 33/(-5). Let z = w + -12. Determine d(z).
10
Let x(l) = l**3 + 7*l**2 + 6*l + 1. Let y(a) = 2*a**2 + a. Let t(h) = x(h) - 4*y(h). What is t(3)?
25
Suppose 16*j = j + 165. Let u(y) = -y**2 + 12*y - 24. What is u(j)?
-13
Let x(n) = -2*n**3 - 2*n**2 + 5. Let q(t) = 3*t**3 + 3*t**2 - 6. Let h(z) = 5*q(z) + 6*x(z). Determine h(-2).
-12
Let u(f) = -f**2 + 3*f + 3. Suppose -4*i = -3*i - 11. Suppose -22*t = -53*t - 248. Let r = t + i. What is u(r)?
3
Let m = -21 + 15. Let t(p) be the second derivative of p**3/6 + 4*p**2 - 4*p + 10. Give t(m).
2
Let k be (5 - 4) + (-1 - 0). Let r(l) = 0 + 62*l**2 - 61*l**2 - 4. Calculate r(k).
-4
Let g(u) be the third derivative of u**6/120 - u**5/30 - u**4/12 + u**3/2 + u**2. Let k(f) = -f**3 + 2*f**2 + 12. Let c be k(3). What is g(c)?
6
Let u(a) = a**2 + 2*a + 2. Suppose 29*l - 22*l = -672. Let z = l + 93. Give u(z).
5
Let o(i) = 9*i - 1. Let r(d) = 2*d - 14. Let j be r(2). Let k(z) = -5*z - 1. Let g be k(2). Let v = j - g. Calculate o(v).
8
Let a(q) be the third derivative of 0 + 1/24*q**4 - 30*q**2 + 0*q + 5/3*q**3. What is a(-9)?
1
Suppose k - 4 = -2. Suppose 2*o = 5*o + 5*y + 6, -k*o - 9 = 5*y. Let b(u) = -u - 3. What is b(o)?
-6
Suppose 0*a = -5*a - 10. Let u(k) be the second derivative of -1/12*k**4 - 1/2*k**3 + 19*k + 0 - 1/2*k**2. Determine u(a).
1
Let b(c) = c + 29. Let m(p) = -2*p - 53. Let z(t) = 11*b(t) + 6*m(t). Suppose 0 = -4*s + 3*q, s + 3*q = -2*q - 23. Let f be (-1 + s)*(-6)/4. What is z(f)?
-5
Let f(o) = -5*o**3 - 5*o**2 + 7*o - 6. Let r(x) = -6*x**3 - 5*x**2 + 7*x - 7. Let a be 216/32 + -7 - 34/(-8). Let v(b) = a*r(b) - 5*f(b). Calculate v(-6).
8
Let h(s) = -s**2 - s + 6. Suppose 4*x - 5*x = b - 2, -5*b - x + 2 = 0. Suppose 11*m - 6*m = b. What is h(m)?
6
Let h(c) = c**3 - 7*c**2 + 5*c + 4. Let a(f) = -2*f + 37. Let l be a(18). Let y(j) = -j**2 - 1. Let t(w) = l*y(w) - h(w). What is t(5)?
-5
Let n(f) be the first derivative of -1/3*f**3 - 2*f**2 - 2*f + 13. Determine n(-4).
-2
Let p = 10 - 0. Suppose 40 = 2*c - p*c. Let d(w) = -6*w**2 - w + 3. Let t(o) = o**2 + o - 1. Let x(i) = c*t(i) - d(i). Determine x(6).
14
Suppose 1 - 26 = -w. Let j = w + -22. Let h(t) = t + j*t - t. What is h(-1)?
-3
Let i(n) = -10*n**3 - n**2 + 1. Let b(t) = -t**3 + 3*t**2 + 2*t - 5. Let s be b(3). What is i(s)?
-10
Let f(t) be the third derivative of -t**6/60 + t**5/20 + t**4/24 - t**3/3 - 439*t**2. Suppose -4*z - 5*y - 7 = 0, 3*z + 2*y + y + 3 = 0. What is f(z)?
-4
Let f(g) = 2*g**2 - 1. Let j = -1 + 1. Suppose -185*n = -199*n + 28. Let x = j - n. Determine f(x).
7
Let c(b) = -b**3 + 7*b**2 - 7*b + 6. Let i be c(6). Let a(o) = -2*o - 11. Let s(r) = 3*r + 18. Let w(q) = 8*a(q) + 5*s(q). Give w(i).
2
Suppose 11 = -25*p + 14*p. Let u(q) = -q**2 + q. Determine u(p).
-2
Let o(d) = 2*d**3 + 2*d**2 - 3*d - 2. Let h(p) = -3*p**2 - 16*p + 10. Let w be h(-6). Determine o(w).
-4
Suppose -11*i = -13*i. Suppose -5*a = 3*m - 8, a + i*a = 5*m - 32. Let t(u) = -u**2 + 6*u - 9. Determine t(m).
-9
Let b(k) = -4*k**2 - 4*k. Suppose 3*m = -10 + 13. Let f be m/(3/(-4 - 5)). Let a(q) = q. Let w(z) = f*a(z) - b(z). Determine w(-1).
3
Let c(z) = z**2 - 4*z - 5. Let h(i) = -i**2 - 22*i + 28. Let q be h(-23). What is c(q)?
0
Suppose -2*o - 18 = -4*z, 6*z - 4*o = 4*z + 24. Let j(v) = 3*v**2 - v + 2 + 2*v**2 - 2*v**2. What is j(z)?
12
Let b(a) = -a**3 + a**2 + 2*a + 1. Let s be ((-6)/4)/(33/(-44)). Suppose -s*o - 24 = 2*o. Let w be (4 - 3)/(o/(-12)). Calculate b(w).
1
Let b(z) be the first derivative of -z**2/2 - 2*z + 11. Calculate b(-12).
10
Suppose 51 = 4*p + 11. Suppose -13*o = -p*o - 18. Let u(v) = -v + 10. Determine u(o).
4
Let o(q) be the third derivative of -q**5/60 - q**3/6 + 2*q**2 + 23*q. Let w be 3/(-1)*(-1)/(-1). What is o(w)?
-10
Suppos